by l?
28
Calculate the remainder when 228 is divided by 16 + -15 - (-2 + -3)*2.
8
Let u = 276 - -298. Calculate the remainder when u is divided by 48.
46
Let a = 12 - 27. Let z = a + 31. Calculate the remainder when 22 is divided by z.
6
Let v be (-61 + 4)/(0 - 1). Suppose 36 = 4*d - 4*z, -d + 2*z = 4*d - v. Calculate the remainder when 36 is divided by d.
10
Calculate the remainder when 43 is divided by (8/160*25)/((-2)/(-8)).
3
Suppose 0 = 4*l + 4, -2*y - 3*y + 70 = 5*l. Calculate the remainder when 59 is divided by y.
14
Let j = -402 - -405. What is the remainder when 46 is divided by j?
1
Let a(l) = l**3 - 7*l**2 + 25*l - 14. Let i be a(6). Suppose s = 6*s - i. What is the remainder when 57 is divided by s?
17
Suppose -9 + 45 = 3*j. Suppose -21 - 47 = -2*v. What is the remainder when v is divided by j?
10
Suppose -5*m - 2 = 3. Let z(w) = -w**2 - 1. Let q be z(m). Calculate the remainder when 5 is divided by -3 - (-28)/(-8)*q.
1
Let v = 221 - 140. Calculate the remainder when v is divided by 7.
4
Let v be (-2)/(-3) - (-7)/3. Let o = -17 - -20. Suppose -v*y - 1 = -n, -n = 2*n - 4*y - o. Calculate the remainder when 3 is divided by n.
0
Let k(d) = d**2 - 10*d + 8. Let t be k(6). Let v = t + 23. Let c = -188 + 191. Calculate the remainder when v is divided by c.
1
Let p(c) = c**2 + 4*c + 2. Let a = -94 + 95. Calculate the remainder when 0 - (a*-40 + 1) is divided by p(-6).
11
Calculate the remainder when 31 is divided by 12/14*35 - 2/2.
2
Let i = 645 - 588. What is the remainder when 112 is divided by i?
55
Suppose 0 = 4*o + 5*s - 98, 3*s + 2*s = -o + 17. Let b = -48 - -112. Suppose -g = 49 - b. Calculate the remainder when o is divided by g.
12
Let y = -1961 + 1990. What is the remainder when 489 is divided by y?
25
Let u = 26 - 27. What is the remainder when 17 is divided by 4/u - -1 - -9?
5
Suppose 2*c + 6*f - 4*f = 106, -5*c + 277 = f. What is the remainder when c is divided by 20?
16
Let w(o) = -o**2 + 5*o + 12. Let z be w(-5). Let j = 79 + z. Let c(g) = 3*g**2 - 11*g - 6. Calculate the remainder when j is divided by c(5).
13
Suppose -5*s = 4*y - 175, 29*s + 140 = 33*s - 5*y. Calculate the remainder when 88 is divided by s.
18
Let l = -10 + 23. Let p(g) = g**2 - g. Let r be p(1). Let d(o) = o**2 + o + 8. Calculate the remainder when l is divided by d(r).
5
Suppose -o = -5*x - 5, -2*o + 5*x + 4 + 1 = 0. Calculate the remainder when (o - 5)*18/(-15) is divided by 2.
0
Let l = -127 + 145. What is the remainder when 51 is divided by l?
15
Let g(o) = -1 - 100*o**2 + 99*o**2 + 5*o**3 + 1. What is the remainder when 8 is divided by g(1)?
0
Let a(k) = -k**3 + 10*k**2 - 2*k + 88. What is the remainder when a(8) is divided by 42?
32
Let w(n) = -8*n + 23. What is the remainder when 109 is divided by w(0)?
17
Suppose -28*c + 931 = -1281. Calculate the remainder when c is divided by 50.
29
Let w(a) = -a - 4. Let b be w(-6). Suppose 20 = 6*v - b*v. What is the remainder when 18 is divided by v?
3
Let q = -12 + 39. Let m = q - 15. Let f = 16 + 6. What is the remainder when f is divided by m?
10
Let a(d) = -d**3 - 6*d**2 - 4*d - 18. Let q be a(-6). Suppose 0 = -q*i + 46 + 44. What is the remainder when 115 is divided by i?
10
Suppose -4*q + 16 = 0, -5*r - 2*q = -8*r + 190. Suppose -r = -9*f + 6*f. Calculate the remainder when 84 is divided by f.
18
Suppose 3*f - 12 = 2*v, -2 = 2*v - 8. Let n be 4/f - 4/(-3). Suppose -n*o + 136 = -o + 3*a, -o = -3*a - 106. Calculate the remainder when o is divided by 31.
28
Suppose z - 5*z + 5*a + 13 = 0, -4*a - 8 = -2*z. Suppose 3*g - 22 = z*g. What is the remainder when g is divided by 8?
6
Suppose -d + 5 = -2*p - 2, 0 = 4*d - 4*p - 16. Let f be ((-3)/(-3)*-1)/(-1) + -6. Let i = f + 8. What is the remainder when i is divided by d?
0
Let h = 108 + -95. What is the remainder when (-2)/(-3) - 927/(-27) is divided by h?
9
Let m = -412 + 434. Calculate the remainder when 85 is divided by m.
19
Suppose 262*u = 272*u - 990. Calculate the remainder when u is divided by 33.
0
Let k(i) = -214*i - 806. Calculate the remainder when k(-5) is divided by 39.
30
Suppose 0 = 4*p + 15 + 5, 0 = -3*w - 3*p + 54. Calculate the remainder when w is divided by 6.
5
Suppose 3*o - 53 = -23. Calculate the remainder when -141*(-7 + 9)/(-6) is divided by o.
7
Let a be 354/(-8) + 2/8. Let i = -39 - a. What is the remainder when 23 is divided by i?
3
Let l(d) = -d**3 + 19*d**2 + 21*d - 3. Let g = 43 - 23. What is the remainder when 62 is divided by l(g)?
11
Suppose -6*y + 5*d = -y - 45, -y - 16 = 4*d. Suppose 2*o + 247 = h, -y*h + 2*o = -2*h - 484. What is the remainder when h is divided by 60?
57
Suppose -5*b + k = -k - 503, -k + 304 = 3*b. Let c = b - 34. Calculate the remainder when c is divided by 23.
21
Let f(v) = 60*v + 439. Calculate the remainder when 471 is divided by f(-7).
15
What is the remainder when 104 is divided by -1 + 0 - 3 - (-57 + 41)?
8
Let h = 36 - 41. What is the remainder when (32 - 37)*-4*(-2)/h is divided by 5?
3
Suppose 12*k - 272 = 184. Calculate the remainder when 47 is divided by k.
9
Let j(b) = -6*b**3 - 7*b**2 + 6*b - 28. Calculate the remainder when j(-5) is divided by 23.
11
Let f be 18/6 - 3*(-3)/(-9). Suppose -c = -f*a + 73, -2*c - c = -a + 29. What is the remainder when a is divided by 10?
8
Suppose 3*p + 5*p = 0. Suppose 0 = -7*n - p*n + 245. What is the remainder when 137 is divided by n?
32
Suppose 0 = 5*b - 0*b - 0*b. Let t(j) = j**3 - 6*j**2 + 6*j + 7. Calculate the remainder when (1386/24 - 1/(-4)) + b is divided by t(5).
10
What is the remainder when -11 + (73 - 8) - (1 - 5) is divided by 30?
28
Let g(i) = -i**3 + 28*i**2 - 36*i + 88. What is the remainder when g(25) is divided by 13?
10
Let s = -165 + 227. What is the remainder when s is divided by 7?
6
What is the remainder when ((-90)/(-12))/((-3)/(-32)) is divided by 15 + (9/2 - 5)*2?
10
What is the remainder when (-20 - -9) + 8 + 203 is divided by 16?
8
Let g(m) = -4*m - 2. Let n(x) = -2*x - 1. Let j(f) = -2*g(f) + 5*n(f). Let i be j(5). Let l(v) = -2*v - 7. What is the remainder when l(i) is divided by 9?
6
Suppose 61 = 19*x - 813. What is the remainder when 97 is divided by x?
5
Let a(p) = -4*p + 103. Calculate the remainder when 361 is divided by a(23).
9
Let f = 130 + -116. Let b be (-125)/(-15) - (-1)/(-3). Suppose -b = -0*d - d. What is the remainder when f is divided by d?
6
Let w be 9/6*(-8)/(-6). Suppose 49 = 3*b - 4*g, -w*b - 4*g + 27 = -b. Calculate the remainder when 70 is divided by b.
13
Suppose 314 = 30*o - 28*o. What is the remainder when o is divided by 32?
29
Let n = -2269 + 2377. Calculate the remainder when n is divided by 39.
30
Suppose -5*r + a + 184 = -65, -3*r + 146 = -4*a. Calculate the remainder when r is divided by 11.
6
Let q = -561 + 594. What is the remainder when q is divided by 8?
1
What is the remainder when 193 is divided by (130/(-4))/((-35)/70)?
63
Suppose 14*d - 240 = 6*d. Calculate the remainder when d is divided by (-1 - 3)/((-3)/12).
14
Let a(f) = -2*f**2 + 12*f - 4. Let v = -20 + 32. Let i be -12 + 11 - v/(-2). Calculate the remainder when 10 is divided by a(i).
4
Suppose 0 = -3*r - n + 313, 5*r - n - 111 = 4*r. Let c(z) = 34*z - 80. What is the remainder when r is divided by c(3)?
18
Let i(d) = -2*d + 9. What is the remainder when 255 is divided by i(-30)?
48
Let i be (399/(-2))/(-7)*(0 - -2). Let j = 6 + i. Calculate the remainder when j is divided by 32.
31
Suppose -48*g - 160 = -64*g. What is the remainder when 19 is divided by g?
9
Suppose 0 = -5*t + 4*t + 9. Calculate the remainder when t is divided by ((-1104)/84 - -14)*7.
3
Let b(j) = 2*j + 18. Let s be b(-9). Suppose s = -5*u - v + 250, v + 105 = 4*u - 104. Calculate the remainder when u is divided by 6.
3
Suppose -27 = -15*j + 258. Calculate the remainder when 75 is divided by j.
18
Let j = 276 + -221. Let a = -5 + 19. What is the remainder when j is divided by a?
13
Suppose 5*l = 2*a + 8*l - 75, 5*a = l + 162. Calculate the remainder when 230 is divided by a.
32
Let y(i) = -i**3 + 13*i**2 - 9*i - 18. Let l be y(12). Suppose -m - k + 24 = 3*m, -3*k = 3*m - l. Calculate the remainder when 22 is divided by m.
4
Let c(z) = -6*z - 10. Let x be c(-4). Let f = -108 - -38. What is the remainder when 61 is divided by (-21)/x + f/(-4)?
13
What is the remai